6. Let l be y(-6). What is the greatest common factor of l and 10?
10
Suppose 5*m = -2*q + 126, -78 = -4*m + 3*q + 32. What is the greatest common factor of m and 13?
13
Let n be -4 - (-9)/((-18)/(-116)). What is the highest common factor of n and 6?
6
Let x(y) = -y + 14. Let s be x(8). Calculate the greatest common divisor of s and 4.
2
Let j = 4 - 3. Let k be (3 + 13/j)/1. Let z be (0 - -10)/(1/8). Calculate the highest common divisor of z and k.
16
Suppose 2*y - 4*v = 28, -3*y - 2*v = -34 + 8. Calculate the highest common factor of y and 110.
10
Let r = -107 + 127. What is the greatest common factor of 180 and r?
20
Suppose 0*o + 204 = 3*o. What is the greatest common divisor of o and 17?
17
Let a be (4/12)/((-1)/(-9)). Let h(r) = -r + r**3 - r - r**2 + a*r + 13. Let x be h(0). Calculate the greatest common factor of 91 and x.
13
Suppose -u - 39 = 5*c, 3*u = u - 8. Let v(k) = -4*k**3 - 1 - 5*k**2 + 7 + 3*k**3. Let o be v(c). Calculate the greatest common divisor of o and 13.
13
Let h(v) = v - 1. Let u be h(4). Let s = 5 - u. Suppose 2*d - 52 = -4*t, 0*d - d - 5*t + 38 = 0. Calculate the highest common divisor of s and d.
2
Suppose 0*z + 3*z = 594. Calculate the greatest common factor of 22 and z.
22
Suppose -4*l + 3 + 13 = 0. Calculate the greatest common factor of 8 and l.
4
Let s be 1 + -2 + 1 - -2. Suppose -44 = -s*t - 4*d, t - 5*d - 69 = -12. Suppose 2*o - t = 80. Calculate the highest common factor of o and 7.
7
Suppose 5*j = 2*j + 3*d + 9, 0 = -4*j - 2*d - 6. Suppose 5*m + 5*w = 340, j*w = 4*m - 5*w - 236. What is the greatest common divisor of 8 and m?
8
Suppose 14 = 5*r - 6. Suppose 2*o = -3*b - 3, 3*b - r*o = -0*b - 21. Let i be ((-14)/3)/(2/b). Calculate the greatest common divisor of 21 and i.
7
Let z be (6 - 10) + 4*3. What is the highest common divisor of z and 72?
8
Let x(r) = -6*r - 29. Let u(k) = 2*k + 10. Let v(t) = -17*u(t) - 6*x(t). Let j be v(8). Let g = j + -6. What is the greatest common divisor of 2 and g?
2
Let p = 91 - 31. Calculate the greatest common factor of p and 30.
30
Let d(v) = -v + 39. Let z be d(0). Suppose 2*q = 5*q - z. Suppose 0*a + 26 = 2*l + a, 0 = 2*l + 4*a - 26. What is the highest common factor of l and q?
13
Let f be (1 - (-4 + 4))*7 + 3. Calculate the greatest common factor of 90 and f.
10
Suppose -o = 5*n - 17, 3*n = 6*n + 2*o - 13. Calculate the greatest common factor of n and 9.
3
Let i = 17 + -10. Let l be 23/i - (-8)/(-28). Suppose 2*g + 8 = l*g. Calculate the highest common factor of g and 64.
8
Let j(f) = f**2 + 2*f + 25. Let v be j(0). What is the highest common factor of v and 200?
25
Let v be 6/(3/6*6). What is the greatest common divisor of v and 4?
2
Let u(z) = -z**2 + 2*z + 2. Let b be u(3). Let r(o) = -13*o**3 - 2*o**2 - 2*o - 1. Let h be r(b). What is the greatest common factor of 96 and h?
12
Suppose -f + 30 = -40. Calculate the highest common divisor of f and 28.
14
Let m(i) = -i**2 + 3*i. Let p = 7 - 5. Let u be m(p). What is the highest common divisor of u and 14?
2
Suppose 4*v = 4*j + 144, -72 = -2*v + 2*j - j. What is the highest common divisor of 54 and v?
18
Let l be -4 + 2 + 58 - -1. Let v be ((-19)/3)/(9/(-27)). What is the highest common factor of l and v?
19
Let y be (-4*(-2)/28)/((-4)/(-28)). What is the highest common divisor of 18 and y?
2
Suppose -i = -4*j + 3, j - 9 + 32 = 5*i. Let m be -1 + j - (-3 + -7). What is the greatest common factor of m and 99?
11
Suppose 0 = -w - d + 12, 4*w - 2*d - 3*d = 12. Calculate the highest common factor of w and 56.
8
Let s = 4 + -10. Let p(c) = -c**3 - 3*c**2 + 6*c + 5. Let r be p(s). What is the highest common divisor of r and 7?
7
Let i = 107 + -158. Let g = 19 - i. Let t be 10/(0 + (2 - 1)). Calculate the greatest common factor of t and g.
10
Let b = 52 - -11. Calculate the greatest common factor of b and 9.
9
Suppose -3*l + 5 = h, 3*l + 2*l = 2*h + 1. Let w be (2 - h)/2 - 2. Let v be -2 - w - -3*2. Calculate the greatest common factor of 54 and v.
6
Let m be 2*(-2)/(-8)*(-11 - -49). Calculate the greatest common factor of m and 38.
19
Let y = 708 - 378. Calculate the highest common factor of 66 and y.
66
Let p(v) = v**2 - 15*v + 15. Let q be p(10). Let n = 71 + q. What is the highest common divisor of 4 and n?
4
Let i be ((-74)/(-1) - 4) + 0. Suppose 6*l = l + 140. Calculate the highest common factor of i and l.
14
Let x = -106 - -158. What is the highest common factor of 13 and x?
13
Let r(l) = 7*l**2 - 3*l + 5. Let y be r(-4). Let a = y + -73. Calculate the greatest common factor of a and 14.
14
Let b(q) = -q**2 - 5*q + 4. Let k be b(-4). Suppose 4 = -x + k. Suppose 2*p - 26 = -x. What is the greatest common divisor of 11 and p?
11
Suppose 5 + 16 = 3*n. Suppose -3*v + n = 1. Let y(a) = -a**3 + 4*a**2 + a - 2. Let l be y(v). Calculate the highest common divisor of 20 and l.
4
Suppose 40 = -m + 3*m + 3*t, 0 = 4*m + 5*t - 80. What is the greatest common factor of m and 40?
20
Let u = -200 - -484. Suppose -z = -5*z + u. Suppose z = 2*b - 41. Calculate the highest common factor of 7 and b.
7
Suppose 0 = -5*j + 10*j - 40. What is the greatest common divisor of j and 6?
2
Let b = 136 + -100. Calculate the highest common divisor of 252 and b.
36
Suppose 9 = 5*y - 46. Let q(b) = b**3 - 11*b**2 - b + 15. Let l be q(y). What is the greatest common factor of 10 and l?
2
Let u = 212 - 140. Calculate the highest common factor of u and 8.
8
Let b(i) = -2*i**2 + 15*i + 11. Let f be b(7). What is the greatest common divisor of 54 and f?
18
Let m be 8/(-12) - (-747)/27. Calculate the highest common factor of 243 and m.
27
Suppose -4*z = 5*l - 336, 0 = -4*l - 3*z + 148 + 120. Calculate the highest common divisor of 16 and l.
16
Suppose -16*u = -10*u - 24. Calculate the highest common divisor of u and 16.
4
Suppose 0 = -0*i + i - 12. Calculate the highest common factor of i and 108.
12
Let h = 12 + -9. Suppose 94 = 3*x + 4*p, 0 = -2*x + h*x - 4*p - 10. Suppose 0*q + 2*q - 78 = 0. What is the highest common divisor of q and x?
13
Suppose z = 236 - 60. Calculate the highest common divisor of 16 and z.
16
Let u = 32 + -22. Let w be (-26)/117 + (-94)/(-18). Suppose -4*b + 6*b + 4*c = 172, -2*b - w*c = -170. What is the greatest common factor of u and b?
10
Let u = 1 + 3. Let t(a) = -a**3 + 8*a**2 - 5*a - 2. Let i be t(7). Calculate the greatest common factor of u and i.
4
Let l(q) = q**3 + 2*q**2 - 5*q - 7. Let h be l(3). Calculate the highest common divisor of 23 and h.
23
Let h(s) = s**3 - 3*s**2 + 4*s - 4. Let a be h(3). Suppose -z + a = -12. What is the highest common factor of 10 and z?
10
Let w be ((6/(-15))/(5/(-25)))/1. Calculate the greatest common divisor of w and 1.
1
Let t be (0 + -49)*-1 - (2 - -1). What is the highest common factor of 23 and t?
23
Let u be 4 + -6 - ((-1 - -3) + -7). What is the greatest common divisor of 21 and u?
3
Suppose v + 0*p - 80 = p, v + 2*p = 71. Calculate the greatest common factor of v and 11.
11
Let a(k) = k**2 + k. Let i(s) = -5*s**2 - 5*s - 10. Let o(h) = 6*a(h) + i(h). Let w be o(-7). Calculate the greatest common factor of w and 48.
16
Suppose 4*d = -d + 45. What is the highest common divisor of 9 and d?
9
Let z(f) = f**2 - 3*f - 4. Suppose -d - 3 = -9. Let w be z(d). Suppose 2*l - 76 - 36 = 0. Calculate the greatest common divisor of l and w.
14
Suppose -3*c = -c - 4*r - 4, -3*r - 6 = -3*c. Suppose c*s - 5*y - 38 = 0, 0 = -s + 6*y - y + 24. What is the highest common divisor of s and 2?
2
Suppose h = 6*h - 135. Let g be (-4)/(-1 - (-1 + 1)). Suppose 0 = 3*d - s - 5, -g*s = -2*d + d - 13. What is the highest common divisor of h and d?
3
Let j(i) = -i**2 - 8*i + 12. Let g be j(-9). Suppose 5*c + 30 = 10*c. Let r be (g + -1)/(c/9). What is the highest common divisor of 6 and r?
3
Suppose 0 = 7*r + r - 80. What is the greatest common factor of r and 160?
10
Let r be 2/(1*-2) + 15. Let s = r - 2. Let u(k) = -2*k - 4. Let f be u(-5). Calculate the highest common factor of f and s.
6
Let j be (0 - -1 - -11)*2. Let o(b) = -b**2 - 19*b - 68. Let r be o(-7). Calculate the highest common factor of r and j.
8
Let x(i) = -1. Let y(c) = 21*c + 2. Let z(g) = -4*x(g) - y(g). Let v be z(-2). What is the greatest common factor of 4 and v?
4
Suppose 0*z = 3*z - 3. What is the greatest common factor of 2 and z?
1
L